 List the prime factors of s(y).
2, 3, 29
What are the prime factors of (2/(8/6))/(36/5136)?
2, 107
Let l(r) = 4 + 3*r - 2*r - 2. Let g = -8 + 11. What are the prime factors of l(g)?
5
Let q(a) = 4*a**2 + 35*a + 315. List the prime factors of q(-30).
3, 5, 191
Let b = 137 - 77. Suppose -11*c - b = -8*c. What are the prime factors of ((-15)/(-2))/((-15)/c)?
2, 5
Suppose -5*x - k = 955, -2*x + k = -41 + 430. Let j = x + 273. What are the prime factors of j?
3
Let c = 82 - 164. Suppose 0 = -13*t - 880 + 113. Let q = t - c. List the prime factors of q.
23
Suppose 17*v = 18*v - 11. List the prime factors of 779/v + (-4)/(-22).
71
Let f = 5270 - 3424. What are the prime factors of f?
2, 13, 71
Suppose 603 = 4*p + 5*p. Let z = p + -15. List the prime factors of z.
2, 13
Let z = -148 + 163. List the prime factors of z.
3, 5
Let b(j) = -3*j + 13. Let i be b(4). List the prime factors of ((-3)/6 - -3)/(i/22).
5, 11
Suppose -526*x - 8928 = -534*x. What are the prime factors of x?
2, 3, 31
Let l(a) = -18*a**2 - 3*a - 15. Let q(m) = 18*m**2 + 4*m + 14. Let i(v) = 4*l(v) + 5*q(v). List the prime factors of i(-2).
2, 3, 11
What are the prime factors of (-24 - -3)/(-3) + 406?
7, 59
Suppose 0 = 7*b - 19*b + 672. Suppose 4*r - 72 = -4*h, -r + b = 3*h - 0*r. List the prime factors of h.
19
Let i = 52 - 31. List the prime factors of i/7*(160/6 - -1).
83
Let g = -1102 + 1702. What are the prime factors of ((-5)/(-3))/(8/g)?
5
Suppose 0 = -3*z + 34 - 34. Suppose -11*v + z*v + 154 = 0. What are the prime factors of v?
2, 7
Let h = 688 + 1765. List the prime factors of h.
11, 223
Suppose 19*k - 20945 = -2591. List the prime factors of k.
2, 3, 7, 23
Let o(a) = -a**2 + a - 3. Let h be o(5). Let q = -16 - h. Let d = 11 - q. What are the prime factors of d?
2
Let w be 8/(-16)*(3 + -721). Let a = 545 - w. What are the prime factors of a?
2, 3, 31
Let q be (3/(-4))/(1/(-4)). Let u be ((-3)/(-6)*-2)/1. What are the prime factors of (0 - 63/q)*u?
3, 7
Let f be 92 + 3*(-3)/9. Let v = f - 29. List the prime factors of v.
2, 31
Suppose 2*c + c = -2*j + 392, 0 = 5*c + j - 644. Let b = c + -79. What are the prime factors of b?
7
What are the prime factors of (1 - 0)*(-52173)/(-17)?
3, 11, 31
Let c be 4 + -2 + -6 + 3. Let r(f) = f**2 + 13*f + 4. Let o(v) = -1. Let n(t) = c*r(t) - 2*o(t). List the prime factors of n(-7).
2, 5
Suppose 3*d + 79 - 25 = 0. Let i be d/(-6)*(-92)/(-6). Suppose -n + 0*n = -i. What are the prime factors of n?
2, 23
Suppose -28*u + 17675 = 7*u. What are the prime factors of u?
5, 101
List the prime factors of ((210/7)/5 - -913)*2.
2, 919
Let x(g) be the second derivative of -5*g**3/2 + 2*g**2 + 7*g. List the prime factors of x(-3).
7
Let m(s) = -s - 5. Let u be m(-5). Suppose 6*n = 84 - 12. Suppose u = r - 2 - n. What are the prime factors of r?
2, 7
Suppose 24 = -4*i + 3*h + 4, -5*i - 5*h = -10. Let j(l) = -26*l**3 - 2*l**2 + 4*l + 3. What are the prime factors of j(i)?
3, 5, 13
Let n(l) = -l**2 - 2*l + 126. Let z be n(0). List the prime factors of (3/2)/(7/z).
3
Let y(w) = -w**3 - 15*w**2 + w + 3. Let d be y(-11). Let v = d + 887. List the prime factors of (-1)/3 + v/15.
2, 13
Let h be (-6)/((-6)/260*-5). What are the prime factors of -2 + 5516/26 + 8/h?
2, 3, 5, 7
Let u = -22 - -39. Let p = u - 19. What are the prime factors of (1/(-3))/(p/132)?
2, 11
Let h(b) be the first derivative of -b**6/60 + b**5/60 + b**3/3 - b**2/2 + 1. Let w(m) be the second derivative of h(m). What are the prime factors of w(-2)?
2, 11
Let g(c) = 712*c**2 - 1. What are the prime factors of g(1)?
3, 79
Let w = 932 + 168. What are the prime factors of w?
2, 5, 11
Let m(o) be the third derivative of o**5/30 + o**4/8 + o**3/3 - 8*o**2. List the prime factors of m(-8).
2, 53
Let q be 90*(-1)/(-2)*1. Suppose z = 2*z - q. List the prime factors of z.
3, 5
Suppose 0*s - 3 = -s. Suppose -s*k = 5*n + 24, -2*n + 3*k = 2*k + 14. What are the prime factors of (n/(-2))/((-15)/(-80))?
2
List the prime factors of 7/(-14)*(-1279 + (-12)/(-4)).
2, 11, 29
Let q be (-9)/(-7) - 16/56. Suppose q = f - 5. What are the prime factors of (-4)/6 - (-154)/f?
5
Let l(c) = 18*c**2 - 6*c - 18. List the prime factors of l(-5).
2, 3, 7, 11
Suppose 2*o + 4 = 4*o. Let a be (5 + 1)*o/4. Suppose 4*t - 206 = -a*b, -2*t - 51 - 21 = -b. List the prime factors of b.
2, 5, 7
Suppose 0 = -c + 76 + 201. Suppose 4*s - 3*z = c, -2*s - 8*z = -4*z - 122. What are the prime factors of s?
67
Suppose 1471*d + 20111 = 1478*d. List the prime factors of d.
13, 17
Suppose 2*l - 2758 = -5*q, 6*q - 2757 = q - 3*l. List the prime factors of q.
2, 3, 23
Let x = 19 - 14. Suppose 165 = x*k - 0. What are the prime factors of k?
3, 11
Suppose 4*a - 4*m - 308 = 0, -4*m = 3*a + m - 255. Suppose -a = -22*c + 17*c. List the prime factors of c.
2
Let x(b) = 73*b + 98. What are the prime factors of x(33)?
23, 109
Let q = -8 - -9. Suppose -6*a = -7*a - q. Let j(c) = 15*c**2 + 2*c + 1. What are the prime factors of j(a)?
2, 7
Let u be 55/2*4*1. Suppose -n + 9*i = 6*i + 60, -n + 4*i - 60 = 0. Let y = n + u. List the prime factors of y.
2, 5
Suppose 4*n + d - 2765 = 0, 3475 = 5*n + 7*d - 2*d. What are the prime factors of n?
2, 3, 5, 23
Suppose -5*k = -0*k + 55. Let r = k + 2. Let j(b) = -b**3 - 8*b**2 + 3*b - 10. List the prime factors of j(r).
2, 11
Suppose 0 = 2*f - 0*f + 8. Let a(i) = i**2 + 2. Let p(z) = 2*z**2 + z + 2. Let y(v) = -4*a(v) + 3*p(v). What are the prime factors of y(f)?
2, 3
Let q(k) = -6*k - 2. Let x be q(-2). Let o(d) = -d**3 + 11*d**2 + 5*d - 8. List the prime factors of o(x).
2, 71
Suppose 0 = -q - 4*q + 175. Suppose 5*g - q = -4*z, 3*z - 28 = -3*g - 4. Suppose -16 = -g*a + 26. List the prime factors of a.
2, 7
Suppose -41 = s + 25. List the prime factors of s/3*(-1)/1.
2, 11
Let k(r) = 8*r - 4. Let t be k(3). Let c(q) = -q + 32. Let i be c(12). Suppose -t - i = -2*p. List the prime factors of p.
2, 5
Let u(w) = -63*w + 191. What are the prime factors of u(-10)?
821
Let b = 46 - 53. Let h = 128 + b. What are the prime factors of h?
11
Suppose p - 2*r = 2147, 5*r + 494 + 3805 = 2*p. What are the prime factors of p?
2137
Let n = 13 + -3. Let b = n - 7. Suppose -4*u + r + 36 = b*r, -5*u = -4*r - 32. List the prime factors of u.
2
Let c be (0 - 2)/(16/(-24)). Let b(u) = 7*u**2 + 2. Let k be b(c). Let a = k + -45. List the prime factors of a.
2, 5
Let y(o) = -11*o - 12. Let s be y(8). Let j = s + 189. What are the prime factors of j?
89
Suppose 4756 = 6*y - 890. List the prime factors of y.
941
Let j = -146 - -173. List the prime factors of j.
3
Let n(z) = z**2 - 12*z + 1. Let o be n(10). Let l = o + 235. What are the prime factors of l?
2, 3
Let t be (-98)/4 - (-16)/(-32). List the prime factors of (0 + 8)*t/(-10).
2, 5
Let s = -54 - -69. Let u = 78 + s. What are the prime factors of u?
3, 31
Suppose 0 = 15*t - 16487 - 3883. What are the prime factors of t?
2, 7, 97
List the prime factors of 8/(-36) + (-17498)/(-9).
2, 3
What are the prime factors of (44 + 4)/(-3)*(-507)/26?
2, 3, 13
Let i = 4361 + -3058. What are the prime factors of i?
1303
Suppose -5*d + 2*d = 18. What are the prime factors of 159/(-2)*12/d?
3, 53
Suppose 2*o = -3*o + 155. Let u = -25 + o. Let t = u + 16. What are the prime factors of t?
2, 11
Let n = 1475 + -791. Suppose 5*z - 46 = n. List the prime factors of z.
2, 73
Suppose -36 = 7*v + 5*v. Let t(g) = 6*g**2 + 5*g - 5. What are the prime factors of t(v)?
2, 17
Suppose -591 = 5*u - r, 5*u - 2*u - 2*r = -356. Let d = u - -174. What are the prime factors of d?
2, 7
Let t(z) = 21*z**2 + 2*z - 4. Let v be t(5). Suppose 0 = -4*w - a + v, -a - 528 = -4*w - 5*a. List the prime factors of w.
7, 19
Let d(a) = -a**2 - 3*a + 9. Let y be d(-5). Let p be y/(-5) - (-4)/(-20). Suppose g + 97 = 5*v + 21, 4*v - 5*g - 65 = p. What are the prime factors of v?
3, 5
Let b(f) = -f**2 + 13*f. Suppose -7*h = -6*h - 7. What are the prime factors of b(h)?
2, 3, 7
Let h(q) = 599*q**2 + 33*q - 58. What are the prime factors of h(2)?
2, 601
Suppose -3*l - 1144 = -56*u + 54*u, 5*l = 4*u - 2292. What are the prime factors of u?
2, 17
Let u = -37 - -22. List the prime factors of (-5)/(u/(-6)) - -37.
5, 7
Let w = -2415 - -4162. List the prime factors of w.
1747
Suppose 31*b - 58*b = -1242. What are the prime factors of b?
2, 23
Let x 